5*f = -5*i, 0*i - 24 = -5*f - 3*i. Suppose 0 = 4*k - t - 23, -f*k + 0*k + 9 = 2*t. What is the units digit of k?
5
Let k be 113/4*18*28/6. What is the hundreds digit of (k/(-42))/(1/(-2))?
1
Let a(y) be the second derivative of 0 - 8/3*y**3 + 3*y - 2*y**2 - 1/12*y**4. What is the units digit of a(-13)?
5
Let i be (6/3 + 5)*2. What is the hundreds digit of 4 + ((-44)/(-154) - (-1648)/i)?
1
Let n(f) = -8*f - 12. Let l be n(-10). Let a = 146 - l. What is the units digit of a?
8
Let p = 1251 + 3183. What is the thousands digit of p?
4
Let c(t) = -5*t - 70. Let g be c(-11). What is the units digit of ((-165)/g)/((-2)/(-12))?
6
Let p(g) = g**3 - 10*g**2 + 13*g - 3. Suppose 18 = -5*u + 3*w - 0*w, -4*w = 3*u + 5. Let j be (-4)/(-6)*u - -11. What is the tens digit of p(j)?
3
Suppose 0 = -5*i + 2*i + 15. Suppose 3*y = i*y - 22. Let g(t) = t**2 - 10*t + 12. What is the tens digit of g(y)?
2
Let s(x) = -3*x**2 - 176*x - 48. What is the units digit of s(-57)?
7
Suppose -q - 1 = 0, 2*q + 1741 = 4*w + q. What is the units digit of w?
5
Let n(d) = -7*d + 3*d + 0*d**2 + 2*d - 3*d**2. Let k be n(-2). Let y = k + 39. What is the units digit of y?
1
What is the tens digit of -1 - ((-2952)/2)/6?
4
Suppose -3*m = p - 2591, p + 5*m - 2601 = 4*m. What is the hundreds digit of p?
6
Let a = 334 - 62. What is the units digit of a?
2
Suppose 0 = -j - 4*j. Suppose -5*y + 182 = 4*h, j*y + 2*y = -2*h + 92. What is the units digit of h?
8
Suppose 5*c - 5*r = 10, 2*c - r - 4 = -0*r. Suppose 0 = -5*s + 4*b + 338, b = -c*b + 9. What is the units digit of s?
0
What is the units digit of (746/(-8))/(11/(-88))?
6
Suppose 0 = w - 2*q + 12, -w = -0*q + q + 21. Let n = 91 + w. What is the tens digit of n?
7
Let x(g) = -51*g**3 - 4*g**2 - 5*g. What is the tens digit of x(-2)?
0
Suppose 0 = 5*a + 4*n - 12282, n + 518 - 2975 = -a. What is the thousands digit of a?
2
Let f(q) be the second derivative of q**8/420 - q**7/2520 + 7*q**4/12 + 4*q. Let u(m) be the third derivative of f(m). What is the units digit of u(1)?
5
Let u(b) = 4*b - 2. Let d be u(3). Suppose 2*l = 2*y - 3*y + d, -2*l + 10 = 0. Suppose -5*s + 3*x + 105 - 20 = y, s = x + 17. What is the tens digit of s?
1
Let f(w) = -10 + 81 - w - 10. What is the units digit of f(20)?
1
Suppose -2*v + 0 = -6. Let w be (-4)/v*54/(-36). Suppose 5*m = -4*k + 151, -w*m + 74 = -5*k + 7. What is the tens digit of m?
3
Suppose 14*w - 8210 = 4*w. What is the tens digit of 66/88 + w/4?
0
Let j(u) = 3*u - 28. Let d be j(15). Let s be d - 0 - (-21)/7. Suppose -s = -k + 3*l, 9 - 61 = -3*k + l. What is the tens digit of k?
1
Suppose -139*u = -134*u - 1290. What is the units digit of u?
8
Let p be (-12)/21 + 2258/7. Suppose 5*o - p = 308. What is the tens digit of o?
2
Suppose 3*h - 3 = -2*r, -2*r = -h - 21 + 6. Suppose r*b - 111 = 591. What is the hundreds digit of b?
1
Let o = 7506 + -2724. What is the tens digit of o?
8
Let b be (-10)/35 + (-132)/(-21). Let c be ((-24)/(-36))/(1/b). What is the units digit of 136*(c/(-8))/(-1)?
8
Suppose -5*j - f + 3 = -2*f, 5*j + 5*f = -15. What is the units digit of (-3 - (j + (-5 - -3))) + 60?
9
Suppose -4*f = 2*g - 5*g + 9, f + 4 = -g. What is the units digit of f/12 + (-482)/(-8)?
0
Let c(a) = -a**2 - 6*a - 11. Let k be c(-7). Let n be 45/k*(-8)/5. Let s(w) = w**3 - 3*w**2 + 5*w. What is the units digit of s(n)?
6
Suppose -5*h = -2*r - 1 + 2, -3*r + 5 = -4*h. Suppose 0 = -r*n - 5 - 1, 168 = 2*t + 5*n. What is the tens digit of t?
8
Let o(b) = 178*b + 22. Let f(r) = 71*r + 9. Let x(q) = -12*f(q) + 5*o(q). What is the units digit of x(1)?
0
Suppose l - 5*a = 176, l + 40*a - 44*a - 176 = 0. What is the units digit of l?
6
Let q(p) = p**3 - 4*p**2 - 5*p + 16. Let i be q(6). Suppose -4*m + 204 = -z, -m - 12 = z - i. What is the units digit of m?
0
Let b(l) = l**3 + 8*l**2 - 10*l - 5. Let q be b(-9). Suppose y - 3*f + 382 = 6*y, f = -q*y + 307. What is the tens digit of y?
7
Let o = 56 + -53. Suppose 3*a - o*m = 207, -m - 138 = -2*a + 2*m. What is the units digit of a?
9
Let t = -34 + 104. What is the units digit of t?
0
Let w(l) = 321*l**2 + 93*l - 4. What is the units digit of w(-3)?
6
Let s(y) = y**2 + 16*y + 6. Let v be s(14). Suppose -3*z - 3*i = -v, z + i = -z + 287. What is the hundreds digit of z?
1
Let u(k) = -10 + k**3 - 3 - 31*k**2 - 22 + 18*k**2 - 10*k. What is the units digit of u(15)?
5
Let i(c) = -c**2 + 4*c + 6. Let w be i(-3). Suppose p - 4*r = -p + 84, -5*r - 130 = -3*p. Let x = p + w. What is the units digit of x?
5
Let m = -369 - -3515. What is the tens digit of m?
4
Suppose -4*h + 24 = -5*h. What is the units digit of (0 - 3/(-6))*(0 - h)?
2
Let t(d) be the first derivative of d**4/4 + 20*d**3/3 + 4*d**2 - 25*d + 39. What is the tens digit of t(-19)?
8
Suppose -4*g + 3*v = -1806, -3*g = -g + 5*v - 916. What is the tens digit of g?
5
Let n be 1503/(-5) + (-12)/(-20). Let z = n + 485. Suppose -3*x + 83 = 2*u, -5*u - 3*x + z = -0*x. What is the units digit of u?
4
Suppose 0 = 18*s - 22195 + 6049. What is the hundreds digit of s?
8
Suppose 5*g + 3*g = 120. Let b(f) = -f**3 + 16*f**2 - 11*f + 4. What is the tens digit of b(g)?
6
Let j = -433 - -649. What is the units digit of j?
6
Let i(w) = 27 - 4*w + 21 + 11 - 12. What is the hundreds digit of i(-20)?
1
Suppose -3*g + 63 = -3*f, 5*g + 22 = 3*f + 117. Let q = g + -13. Suppose 2 = h - 5*d - 1, -5*d = -q*h + 59. What is the tens digit of h?
2
Let g = 145 - 146. What is the hundreds digit of g - (-2 - (-4 - -598)/3)?
1
Let y(t) = t**2 - 20*t - 12. Let j be y(20). Let u be (14/(-3))/((-4)/j). What is the units digit of (7/u)/(2/(-236))?
9
Suppose -3*h - 2*b + 5 = -4*b, 4*h - 20 = -4*b. Suppose -4*d = i - d + 11, 3*d = -5*i + 5. Suppose -16 = h*t - i*t. What is the units digit of t?
6
Let v(j) = -j**3 - 30*j**2 - 56*j + 41. What is the units digit of v(-28)?
1
Let c(a) = a**3 + 3*a**2 - 2*a + 2. Let q be c(-3). Let h = q + -3. Suppose 5*s - 229 = -4*b, -h*b + 271 + 10 = s. What is the tens digit of b?
5
Let v be (95 - 4) + (-1)/(-1). Suppose -5*y - 289 + 44 = 0. Let o = v + y. What is the tens digit of o?
4
Let u(d) = 2*d**3 - 7*d**2 - 6*d - 4. What is the hundreds digit of u(7)?
2
Suppose 3*q - 3526 = 4*d, -4*d + 735 + 435 = q. What is the units digit of q?
4
Let n = -68 - -100. Suppose 30*s + 608 = n*s. What is the hundreds digit of s?
3
Suppose 0*c - 4*c - 336 = -4*u, -5*c - 3*u = 436. Let s be c*2/8*-2. Suppose s + 69 = 4*m - 3*y, 0 = -3*m + 4*y + 77. What is the tens digit of m?
3
Suppose 0*f - 210 = -5*f. Let u = f + -26. What is the tens digit of u?
1
Suppose j - 364 = 5*a + 149, 0 = -2*j - 3*a + 974. What is the units digit of j?
3
What is the tens digit of ((-2)/(-6))/(-7 - (-193310)/27615)?
4
Let v(q) = q**3 - 3*q**2 - 5*q - 11. Suppose -16 + 19 = -l. Let x = 8 + l. What is the units digit of v(x)?
4
Suppose 0 = -5*c - 116 + 1991. Suppose -3*z = -5*d + 776, 5*d - 2*z - 399 - c = 0. What is the units digit of d?
4
Let x(p) = -p**3 + 5*p**2 - p + 10. Let y be x(5). Suppose 4*k - 220 = -4*a, -2*k - 3*k + 235 = -y*a. What is the units digit of k?
1
Suppose 9*v + 2780 = 4*v. What is the units digit of 20/(-30) + v/(-6)?
2
Let h(g) = -2*g - 18. Let u be h(-11). Suppose -u*s = -5*k + 437, 4*k - 346 = 8*s - 3*s. What is the tens digit of k?
8
Let d = 17 - -150. Let w = d - 93. What is the units digit of w?
4
Suppose -5*i - 2*j - 111 = 0, -4*j + j = -5*i - 96. Let a = i - -37. What is the tens digit of a?
1
Let t(h) = -h**3 + 3*h**2 - h + 3. Let v be t(3). Suppose v*a - 282 = -4*w + 2*a, -2*w + 137 = 3*a. What is the units digit of w?
0
Let w = 4 - -2. What is the tens digit of 596/w - (8/12)/2?
9
Let v(j) = -20*j + 20*j**2 - 26 - 37*j**2 + 18*j**2. What is the units digit of v(29)?
5
Let a = -4 + 5. Let m(j) = -2*j**2 + j - 5 + 5*j**3 + 5. What is the units digit of m(a)?
4
Suppose -4776 = -2*g - 5*p + 1000, 2*p = 5*g - 14440. What is the thousands digit of g?
2
Let o be -2 + (4 - (-1 - -1)). Let g be (-4)/5*(-6 - -1). Suppose o*a - 3 = -f, -6*f + f + 27 = g*a. What is the units digit of f?
7
Let c be (-1)/((1 + -2)*(-2)/(-2)). What is the tens digit of (3 - 1)*c - -104?
0
Let q(v) = -14*v + 77. Let f be q(-11). Suppose f = 2*y + 5*z, -3*z + 4 = 7. What is the hundreds digit of y?
1
Suppose p = -f - 10, 0 = 2*p - 7 + 1. Let t = f - 3. Let s(v) = -